et y(k) = -8*k**2 + 2*k - 1. Give y(a).
-7
Let d be -1 + 0/(1/(-1)). Let t(x) = -194*x**3 - 2*x**2 + 0*x**2 + x**2 + 179*x**3. Determine t(d).
14
Let w(f) be the third derivative of f**4/24 - f**3/6 - 5*f**2. Determine w(-2).
-3
Let f(m) = m**3 + m**2 + 5. Let q = 0 + 1. Let h be (1 - q)/((-4)/4). Let z be f(h). Let g(l) = -l**2 + 5*l - 1. Give g(z).
-1
Let s(z) be the third derivative of -6*z**2 + 0 - 1/20*z**5 + 1/6*z**3 - 1/12*z**4 + 0*z. Let y(m) = -m - 2. Let u be y(-3). Calculate s(u).
-4
Let f(i) = 2*i**3 - 2*i**2 - 5*i + 23. Let h(x) = x**3 - x**2 - 3*x + 12. Let q(g) = 3*f(g) - 5*h(g). Determine q(0).
9
Suppose -2*r - 3*m - 8 = -4*m, 5*r + 20 = -4*m. Let u(s) = -s**2 - 6*s - 1. What is u(r)?
7
Let a(s) = -9*s**2 - 5*s + 46. Let c(w) = -5*w**2 - 2*w + 25. Let r(i) = 6*a(i) - 11*c(i). Suppose 5*o - 2*o - 21 = 0. Calculate r(o).
-6
Let i(o) = o - 10. Let a be i(6). Let m(f) be the second derivative of f**4/12 + f**3 + 3*f**2 - 14*f. Give m(a).
-2
Let w(l) = -7*l - 7. Suppose 2*d - 2*y = -d - 1, 4*d = 4*y. Let v(t) = -t - 1. Let u(f) = d*w(f) + 6*v(f). Determine u(2).
3
Let h(b) be the third derivative of b**6/120 - b**5/20 + b**4/24 - b**3/6 + b**2. What is h(3)?
2
Let j be 1/4 + (-1)/4. Let m(q) = q - 5. Let k be m(j). Let h(x) = x**2 + 8*x + 4. Determine h(k).
-11
Let w be (-16)/12*(-3)/(-2). Let b(v) = -2*v**3 + 0*v**2 + v - 4*v - 4*v**2 - 2. What is b(w)?
4
Let i(m) be the first derivative of m**4/4 + 8*m**3/3 + 4*m**2 + 10*m - 3. Let w be i(-7). Let p(x) = -x**2 + 2*x + 4. Give p(w).
1
Let g(h) = 6*h**2 + 9*h - 8. Let z(a) = a**2 + a - 1. Let d(c) = g(c) - 5*z(c). Determine d(-5).
2
Let u(g) = g**2 - 3*g - 1. Let a(n) = n**3 + n**2. Let l(r) = a(r) + u(r). Suppose -w + 3 = -2*w. Give l(w).
-1
Let d(o) = -o. Suppose 4*z + 0*z - 4 = 0. Let a = 2 - z. Let j be (-6)/a*2/3. Calculate d(j).
4
Let r(g) be the second derivative of -g**5/60 - 5*g**4/24 - g**3/6 + g. Let q(i) be the second derivative of r(i). Let p be ((-1)/2)/(34/340). Calculate q(p).
5
Let z(w) = w**2 - 2*w**2 - 8 + 2*w - 3*w. What is z(0)?
-8
Let s(d) be the third derivative of d**5/20 + d**4/12 + d**3/6 + 11*d**2. Determine s(-1).
2
Let g be (7/((-21)/(-18)))/2. Suppose -3*o - 2 = v - 3, -3*v + 3 = 2*o. Suppose -5*w + g*w + 10 = o. Let q(a) = a**2 - 6*a + 1. Give q(w).
-4
Let q(g) be the second derivative of g**5/20 - g**4/2 - 7*g**3/6 + g**2 - 8*g. Calculate q(7).
2
Let q(h) = h**2 - 2*h - 3. Let f be q(4). Let t(w) = 4 - w - 7*w**3 + 0 + w**3 - f. Let k(g) = -g**3 - 5*g**2 + 5*g - 7. Let d be k(-6). Determine t(d).
6
Let o(i) = 2*i + 1 - 19*i**2 + 21*i**2 - 3*i - i**3. Suppose -4*l - 4 + 8 = 0. Calculate o(l).
1
Let k(g) = g**2 + 13*g - 2. Let b be k(-13). Let n = b - -6. Let u(a) = 5*a + a - n*a - a + 3. Calculate u(-3).
0
Let q(a) = a + 8 + 5 - 7. Calculate q(-7).
-1
Let w be (0/(-8))/(1 - 2). Let c(f) = f**3 + f**2 + f - 2. Determine c(w).
-2
Let n(p) = 2 - 2*p + 4 - 6. Determine n(-6).
12
Let l be 8/14 + (-44)/28. Let t(p) = 3*p**2 - 2*p - 1. Give t(l).
4
Suppose 17 = -5*d + 2. Let r(m) = -m**3 + m**2 + 4*m - 2. Let u(x) = x**3 - x**2 - 5*x + 1. Let t(a) = d*u(a) - 4*r(a). Suppose -l = 3*l. Determine t(l).
5
Let v(o) = 5*o. Let f(q) = -135*q - 6. Let d(w) = 135*w + 5. Let a(s) = -6*d(s) - 5*f(s). Let k(z) = -2*a(z) - 55*v(z). Calculate k(3).
-15
Let b(c) = -26*c + c**2 + 14*c - 2*c**2 + 13*c. Determine b(-2).
-6
Suppose 3*q - 1 - 8 = 0. Let v = -2 - -2. Let b(w) = v + 3 - w - 4 + 0. Give b(q).
-4
Let t(n) = 0*n - 4 - 2*n - 6 - n**3 + 2. Let i(d) = d**3 + 3*d + 9. Let q(g) = 3*i(g) + 4*t(g). Give q(0).
-5
Suppose 0 = -2*q + 1 + 49. Suppose -h - 4*f + q = 0, 16 = 4*h + f - 9. Let p(m) = -2*m + 4. Calculate p(h).
-6
Suppose 5*b + 4*b + 27 = 0. Let j(l) = l**2 + 4*l - 3. Calculate j(b).
-6
Let c = -5 + 11. Let q(i) be the second derivative of -i**4/24 + 5*i**3/6 + i**2 - i. Let s(v) be the first derivative of q(v). Give s(c).
-1
Let i = -3 + 7. Let z(v) = -v**3 + 5*v**2 - 5*v + 1. What is z(i)?
-3
Let x(b) = -6*b + 2. Let w be 5/(-20) + (-17)/(-4). Suppose 0*z + 2*z = w. Determine x(z).
-10
Let n(a) = a**3 - 7*a**2 - 7*a - 8. Let r(z) = z**2 + z**2 - 3*z**2 + 9*z. Let b be r(8). Let j be n(b). Let g(q) = -q + 1. Determine g(j).
1
Let q(z) = -1. Let c(v) = 3*v + 2. Let u(r) = -c(r) + 2*q(r). Let n(f) = 7*f + 9. Let w(y) = 2*n(y) + 5*u(y). Give w(-3).
1
Let g(f) = 7*f + 4. Let q(t) = 3*t + 2. Let k(p) = 6*g(p) - 15*q(p). Give k(-7).
15
Let b(f) = -f**2 - 4*f - 3. Let v be -5 - -3*(-5)/(-15). Calculate b(v).
-3
Let a(x) = -x. Let s be a(0). Let d(h) = -h. Determine d(s).
0
Let m(q) = q**2 - 1. Let l(z) = z**3 + 3*z**2 + 4*z + 5. Let p(b) = l(b) + 2*m(b). Calculate p(-2).
7
Let v(k) = -3*k. Suppose -3*l + 1 = -b, 4*b - b - 19 = -2*l. Let q(i) = 7*i + 1. Let g(f) = b*v(f) + 3*q(f). Let o = 81 - 83. Give g(o).
-9
Let h = -31 - -29. Let u(s) = 7*s + 2. What is u(h)?
-12
Let i(p) = -p**2 + 5*p - 1. Let a(z) = z + 1. Let w be ((-12)/8)/(3/(-4)). Suppose 1 = -w*u + 3. Let s be a(u). What is i(s)?
5
Let c(k) = -4*k**3 - 8*k**2 - 2*k + 5. Let z(m) = 11*m**3 + 23*m**2 + 5*m - 15. Let i(v) = 8*c(v) + 3*z(v). Let y be (-4)/(-14) - (-111)/(-21). What is i(y)?
0
Let c(j) be the second derivative of -1/2*j**3 + 2*j - 7/2*j**2 + 0. Let o(s) = -s + 2. Let g be o(7). Calculate c(g).
8
Let b(h) = h**2 - 2*h + 1. Let g(v) = v - 6. Let r be g(9). Suppose d + 0*x = x + 2, -r*d - 2*x + 6 = 0. Calculate b(d).
1
Let v(a) be the third derivative of 2*a**2 + 0 + 0*a - 1/30*a**5 - 2/3*a**3 + 1/24*a**4 - 1/120*a**6. What is v(-3)?
2
Let c(u) = -4*u - 5. Let k(l) = l + 3*l + 5*l + 11 - 1. Let a(j) = -13*c(j) - 6*k(j). Calculate a(6).
-7
Let w(y) = y**3 + 6*y**2 + 2*y + 9. Let x(r) = r. Let d be x(-6). What is w(d)?
-3
Let h = -14 - -23. Suppose 6 - h = -3*i. Suppose 0 = 2*f + 3 - i. Let b(p) = 6*p**3 - 2*p**2 - p. Determine b(f).
-7
Let k(w) = -w + 10. Let a = -1 - -9. Let g be k(a). Let l(q) = 4*q - 3. What is l(g)?
5
Let r(m) be the first derivative of -8*m**3/3 - m**2/2 - 1. Determine r(1).
-9
Let z(b) = -b + b - b + 0. Let o(i) = -7*i - 8. Let l(r) = -o(r) + 6*z(r). Calculate l(0).
8
Let j(i) be the second derivative of i**8/6720 + i**7/630 - i**6/180 - i**4/6 - 6*i. Let q(p) be the third derivative of j(p). What is q(-5)?
-5
Let b(j) = -4 + 0 + 3 + 2*j + 3*j**2 + 0*j. Calculate b(-2).
7
Let u(w) = -w**2 + 3*w + 4. Let o be u(3). Let f(j) = 4*j + 3. Let q(r) = r + 1. Let d(z) = -f(z) + 5*q(z). What is d(o)?
6
Let t(f) = 3*f**2 + f. Suppose 0 = -i - i - 2. Let a be t(i). Let n(b) be the first derivative of b**4/4 - 2*b**3/3 + 3*b**2/2 - b + 13. Give n(a).
5
Let p(o) be the first derivative of -o**3/3 - 5*o**2/2 + 2*o + 1. Suppose 0*h = 2*h + 40. Let j be (5/10)/(2/h). Calculate p(j).
2
Suppose 4*r - 13 - 11 = -3*p, -4*p - 2*r + 22 = 0. Suppose -p*i = -2*y + 30, -30 = -8*y + 3*y + i. Let v(a) = -a**3 + 5*a**2 - a - 6. Calculate v(y).
-11
Let b(n) = -2*n + 2. Let j(s) = -2*s - 4. Let w(p) = 9*p + 17. Let h(z) = 26*j(z) + 6*w(z). Let o(y) = 6*b(y) + 5*h(y). Give o(-2).
6
Let j(k) = -k**3 + 9*k - 5*k + 4*k - 9 + 5*k**2. Let z be j(6). Let f(c) = 0*c**z - c - 4*c**2 - 2*c**3 + 3 + c**3. Give f(-3).
-3
Suppose -5 + 1 = -2*m. Let o(u) = -m*u + 6*u + u**2 - 4 + 3. Suppose -2*r = r + 9. Give o(r).
-4
Let r(g) = -g**2 + 3*g - 2. Let k(q) = 5*q**2 - 16*q + 11. Let x(o) = -4*o + 5. Let t be x(4). Let y(u) = t*r(u) - 2*k(u). Give y(2).
2
Let x(o) = 5*o**2. Let z(f) = f**2 - f + 1. Let u(h) = x(h) - 2*z(h). Calculate u(-2).
6
Let w(n) = 5*n + 6. Suppose -1 + 21 = 5*c. Let h(q) = -9*q - 11. Let u(g) = c*h(g) + 7*w(g). Determine u(0).
-2
Let j(g) = 4*g**3 - 12*g**2 - 14*g + 10. Let q(p) = -7*p**3 + 24*p**2 + 28*p - 21. Let r(o) = 5*j(o) + 3*q(o). Give r(13).
0
Let y(h) = -3*h**2 - 2*h + 1. Let u(c) = 2*c**2 + 2*c + 1. Suppose -3*j - l = -14, 0*l = -l + 2. Suppose t + j = -3*t. Let s be u(t). Give y(s).
-4
Let c(v) = -v**3 - v**2 + v + 2. Let w be c(-2). Let f(p) = -p**2 + 6*p - 3. Give f(w).
5
Let k(l) = -l - 3. Suppose 170 - 149 = -3*n. Give k(n).
4
Let u(r) be the first derivative of -r**4/4 - 4*r**3/3 - 3*r**2/2 + 3*r - 5. Calculate u(-4).
15
Let m(g) be the third derivative of -g**4/24 - 2*g**3/3 - 8*g**2. What is m(-4)?
0
Suppose 6 = -2*s - 0. Let q(a) be the first derivative of -1/2*a**2 - 1 - a. What is